t i = 29 - v. What is the units digit of i?
6
Let p = 33 - 33. Suppose j + 5*m + 6 = p, 3 - 25 = -4*j + 3*m. Suppose -8*o + j*o + 208 = 3*i, -2*o = i - 66. What is the units digit of i?
6
Let g(b) = -4*b - 1. Let l be g(1). Let y(x) = -9*x - 13. Let o(w) = 17*w + 25. Let c(n) = -6*o(n) - 11*y(n). What is the units digit of c(l)?
8
Suppose -o - 14 = -3*d, -5*o - 11 - 7 = -2*d. What is the units digit of (4 - 14/d)*142?
1
Suppose -5*p = -v - 1614 - 3886, 3*v = 15. What is the thousands digit of p?
1
Suppose -3*w - 1050 = -5*w. Suppose 2*j - 4*g - 464 = 0, g - 690 = -5*j + w. What is the hundreds digit of j?
2
Let w be (6/8)/((9 - 5)/32). Suppose -w*d = -14*d + 64. What is the units digit of d?
8
Suppose -86*k - 3*i = -84*k - 7594, 15204 = 4*k - 2*i. What is the tens digit of k?
0
Suppose -15*o - 20 = -17*o. Let n be (8/o)/(4/530). Suppose -2*t + 8 = 0, -5*x + 3*x + 3*t = -n. What is the tens digit of x?
5
Let v(z) = z**3 - 2*z**2 - z - 2. Let b be v(3). Let r be 28/16 - (-1)/b. Suppose -5*i - 1 = 9, -29 = -3*q - r*i. What is the tens digit of q?
1
Let s(c) = 8*c**2 - c. Let z be s(-1). Let w = z - 6. Suppose -n = w*n - 44. What is the tens digit of n?
1
Let n = 31 + -28. Suppose -128 + 356 = n*j. What is the tens digit of j?
7
Suppose 2*w + 795 = 3*m, -629 = -4*m - w + 442. What is the tens digit of m?
6
Suppose -4*r - 10 = -2*d, -d - 13 = -3*d + r. Suppose d*x = 2*x + 10. Suppose 4*m = -i + 17, i + x*m = m + 20. What is the units digit of i?
1
Let p = -1293 - -2543. What is the tens digit of p?
5
Let g = -95 - -57. Let v = g - -46. Suppose -4*y - o + 248 = -5*o, 4*o - v = 0. What is the tens digit of y?
6
Let t(l) = 5237*l**2 + 3*l + 3. What is the hundreds digit of t(-1)?
2
Let a(b) = -7*b - 37. Let p(d) = d - 1. Let s(v) = -a(v) - 4*p(v). What is the units digit of s(-6)?
3
Let r = -164 + 544. Suppose r + 316 = 8*u. What is the tens digit of u?
8
Let g = 2182 - 249. What is the hundreds digit of g?
9
Let m = 54 + -22. Let v = 32 + m. What is the tens digit of v?
6
Let p(j) = 17*j**2 - 1. Let k be p(-1). Let y be -5*k/(8/2). Let i = y + 23. What is the units digit of i?
3
Suppose 69 = -0*a - 3*a. Let p(o) = -45*o + 2. Let d be p(-1). Let n = d + a. What is the tens digit of n?
2
Let c(x) = -x**3 - x - 8. Let d be c(0). Let w(h) = h**2 + 8*h - 9. Let s be w(-9). What is the units digit of (s - 0) + d + 34?
6
Let w(r) = -43*r - 37. What is the units digit of w(-9)?
0
Let v(i) = i - 26. Let u be v(25). Let a(b) = 211*b**2 - 2. What is the hundreds digit of a(u)?
2
Suppose 0 = 3*p - 6. Suppose 3*k = 3, 4*k = -p*i + 40 - 6. Suppose -2*h + 17 = -i. What is the units digit of h?
6
Let v(b) = -2*b. Let t be v(-7). Suppose 0 = -n + 4*q + t, 3*n - n + 4*q = 4. What is the tens digit of 23 + 3/n*-6?
2
Let p = 57 + -57. What is the hundreds digit of (0 + p)/(-5) - -119?
1
Let y(p) = p**3 + 7*p**2 + 8*p + 15. Let t be y(-6). Let n(f) = 8*f**3 + 2*f**2 - 10. What is the units digit of n(t)?
4
Let b(j) be the third derivative of -j**5/60 - 7*j**4/8 + 2*j**3 - 5*j**2. What is the units digit of b(-16)?
2
Let u(m) = -m**3 - 4*m**2 - 4*m - 1. Let i be u(-3). Suppose i*q + 7 = 3*q. Suppose q*h = -3*k + 3*h + 72, 2*k - 48 = -4*h. What is the tens digit of k?
2
Let o(l) = -27*l - 48. Let y be o(-17). Let q = y + -223. What is the tens digit of q?
8
What is the units digit of 4 + -3*(-2)/(-6) - -1224?
7
Suppose 3*p + 4*d - 46 = 0, -4*d + 36 = -3*p + 98. Suppose -6*n + p = -3*n. Suppose l - 3*b = n - 0, -5*l = 5*b - 130. What is the tens digit of l?
2
Suppose -8*k + 13*k = 6420. What is the tens digit of k?
8
Suppose 0 = 153*c - 151*c - 3940. What is the units digit of c?
0
What is the units digit of (-3)/(-4) + 13559/28?
5
Let f(s) = s - 8. Let h be f(14). Let y(c) = -c - c + 8 - c - h. What is the tens digit of y(-11)?
3
Suppose -5*v + 370 + 578 = -2*o, v = 2*o + 188. What is the hundreds digit of v?
1
Suppose -56571 = -27*u + 85854. What is the hundreds digit of u?
2
Let r = -15 - -191. Suppose -10*h = -14*h + r. What is the units digit of h?
4
Let s(t) = t**3 - 41*t**2 - 25*t - 356. What is the thousands digit of s(43)?
2
Let a(h) = h**3 + 12*h**2 - h - 12. Let t be a(-12). Suppose 2*u - 156 + 16 = t. What is the units digit of u?
0
Let l = 26 + -11. Suppose 6*n = 3*n + l. Suppose 0 = n*c - 106 - 74. What is the units digit of c?
6
Suppose -2*y + 349 = -3*i - 470, 4*i + 2037 = 5*y. What is the tens digit of y?
0
Suppose 18196 + 11636 = 11*c. What is the units digit of c?
2
Let t(r) = -25*r + 3. Let h be t(-2). Suppose 2*v + h = 3*v. What is the units digit of v?
3
Let p be -2 + 1 - -20 - -1. Suppose -2*j - p = 3*j. What is the units digit of (-48)/(-9) + j/(-6)?
6
Suppose 3*f = 6, -2*m - 3 + 15 = f. Let g(b) = -b + 26. What is the units digit of g(m)?
1
Let t(h) = -11*h + 4. Let r be t(-2). Suppose -r = -w + 9. Suppose 90 + w = 5*q. What is the tens digit of q?
2
Let n(j) be the second derivative of 4*j**4/3 + j**3/3 + 13*j**2/2 - 39*j. What is the units digit of n(-4)?
1
Let n be 1/((-35)/(-2040))*(-42)/(-4). Suppose -n = -68*d + 65*d. What is the units digit of d?
4
Let x = -17 - -15. Let q(g) = -3*g**3 - g**2 + 2*g - 1. Let l be q(x). Suppose 2 = o + 3*v, -2*v - l = -2*o + 3*v. What is the units digit of o?
5
Suppose -b + 579 = 4*c, b - 3*c = 6*b - 2861. What is the units digit of b?
1
Suppose 0*c + 10 = 5*c. Suppose -6 = 4*u + 2*o - 2, 0 = 2*u + c*o + 4. Suppose 0 = 4*v - u*v - 236. What is the units digit of v?
9
Suppose 0 = x - 5*c - 306, -5*x + 3*c + 1482 = 2*c. Suppose -9*j + x = -5*j. What is the tens digit of j?
7
Let m(l) = -3*l - 9. Let z be m(-4). Let q(c) = -13*c + 0*c**z - 15*c**2 + 7 + c**3 + 24*c**2 - 1. What is the units digit of q(-10)?
6
Let h(j) = j + 2. Let s(n) = 6*n - 1. Let a(p) = 3*h(p) + s(p). Let d(v) = -2*v - 5. Let g be d(-4). What is the tens digit of a(g)?
3
Let h(t) = t**3 + 10*t**2 - 4*t - 6. Let a be h(-6). Let n = a + -77. What is the units digit of n?
5
Suppose -207 + 1022 = c + o, -o = 2*c - 1630. What is the tens digit of c?
1
Suppose -3*i - i = 4*h - 1084, 3*h + 2*i = 812. Suppose 0*q = 5*q - h. What is the tens digit of q?
5
Let u(d) = 9*d + 27. Let k(p) = -4*p - 14. Let o = 22 - 19. Let l(q) = o*u(q) + 5*k(q). What is the units digit of l(6)?
3
Let o(h) = h**2 - 5*h - 4. Let p be o(7). Let y be -8 + p - (-1 + 0). Suppose 2*s - 5*x - 46 = -3, -y*s + 2*x + 70 = 0. What is the units digit of s?
4
Suppose 3*w + 984 = 2*m, 7*w = -5*m + 4*w + 2418. What is the tens digit of m?
8
Let v be 102/4 - 4/8. Suppose 0 = 22*f - 17*f - v. Suppose m = -5*x + 147, -3*x = -x + f*m - 68. What is the tens digit of x?
2
Let v be (2 + -2)/((-3)/(-3)). Suppose f - 5*k = -20, -f = -v*f - 2*k + 8. Suppose f*c = c - 2. What is the units digit of c?
2
Let s be (6/(-7))/(13/91)*16. Let j = 182 + s. What is the tens digit of j?
8
Let b be 16 + -2 + (-1 - 0). Let r = 252 + b. What is the tens digit of r?
6
Suppose -186 = -5*y - c, -y + 0*c + 26 = 3*c. What is the units digit of y?
8
Let g(u) = -u + 11. Let l be g(6). Suppose -5*m - 110 = -4*s, -l*m + 0*s = -2*s + 100. Let r = m + 51. What is the units digit of r?
3
Let u(b) = 514*b**2 - b - 1. What is the hundreds digit of u(-1)?
5
Let n = -830 + 1273. What is the hundreds digit of n?
4
Suppose 4634 = f - 4*m, m = 5*f - 4*m - 23230. What is the hundreds digit of f?
6
Suppose 4*g - 4579 = -5*h, -2*g + 6*h = 11*h - 2277. What is the units digit of g?
1
Let k be 60/8*(-20)/(-3). Suppose -k = -5*v + 180. What is the units digit of v?
6
Let g be 4/14 + 4948/28. Suppose q + 177 = 3*k - 0*q, -g = -3*k - 5*q. What is the units digit of k?
9
Let f be -1 - (-2)/2 - -4. Suppose f*l - 744 + 76 = 0. What is the tens digit of l?
6
Suppose 0 = -5*b - 5*n + 90, 2*n = -2*b + n + 33. What is the units digit of 6/b + 565/25?
3
Let u = 83 - 83. Suppose -4*n - 5*c + 390 = u, -2*n + 404 = 2*n - 2*c. What is the hundreds digit of n?
1
Let i = 31 + -34. What is the tens digit of (i - (-130)/(-6))/(3/(-9))?
7
Let o(a) = 123*a - 3. Let r(d) = 491*d - 12. Let y(s) = -9*o(s) + 2*r(s). What is the tens digit of y(-1)?
2
Let v(b) be the third derivative of -23*b**7/5040 + b**6/180 + 13*b**5/60 + 8*b**2. Let l(j) be the third derivative of v(j). What is the tens digit of l(-2)?
5
Let j be (4 + 210)/(4/(-2)). Let o = 153 + j. W